 Let a(s) be the third derivative of s**6/120 + s**5/60 + s**4/24 - s**3 + 2*s**2. Give a(t).
-6
Let g(u) be the third derivative of -1/60*u**5 + 1/12*u**4 + 0*u + 1/120*u**6 - 1/2*u**3 + 0 - 3*u**2. What is g(2)?
5
Let b(p) = -9*p + 12. Let s(q) = -10*q + 13. Let x(u) = -5*b(u) + 4*s(u). Let w be (8 - -4)/4*1. Let o(v) = 2*v - 3. Let y(l) = w*x(l) - 8*o(l). Calculate y(1).
-1
Let f(s) = 5*s + 1. Suppose -3*y = -y - 4*t + 6, 0 = -4*y - 4*t. Calculate f(y).
-4
Suppose 10 = -2*r - 3*w, 5*r + 4*w = -10 - 1. Let k be 4 - 4 - (r + 0). Let g be 6/8 - k/4. Let c(b) = 7*b**2 - b. Give c(g).
6
Let k(c) = -c. Let s(l) = 3*l + 4. Let j(i) = -4*k(i) - s(i). Determine j(0).
-4
Let h(t) = 5*t**3 + t**2 - 5*t + 4. Let d(a) = 11*a**3 + 3*a**2 - 10*a + 8. Let f(k) = -4*d(k) + 9*h(k). What is f(4)?
0
Let f(b) = 7*b + 1. Let u(s) = 6*s + 1. Let p(i) = 5*f(i) - 6*u(i). Suppose 0 = y - 1, 4*w - 2*y - 10 = 0. Suppose -w*q + 2 = -7. Determine p(q).
-4
Let j(u) = 3*u - 1. Let m be j(4). Let y(g) = g**3 + m + g**2 + g - 20 + 6. Give y(0).
-3
Let x(q) = 3*q**2 - q + 2. Let s(c) = 4*c**2 + 2. Let o(h) = 2*s(h) - 3*x(h). Suppose 0 = -50*v + 51 + 49. Give o(v).
0
Let a = -2 + 2. Let p be -5*(-7)/(105/18). Let b(t) = t**2 - t + 2*t + 2 + p. Give b(a).
8
Let r(w) = w. Let u be r(3). Let q(o) = 2*o - 4*o**2 - 4 + 2 + u*o**2. Determine q(2).
-2
Let w(m) = 5*m**3 + 2*m**2 - 2*m. Let c(b) = -b**2 + b. Let o(s) = c(s) + w(s). Let v = 27 + -26. What is o(v)?
5
Let g(m) = -2*m**3 - m**2 - m**3 + 7 - 6. Calculate g(1).
-3
Let o(p) = -2*p + 4 + 10 - 27 + 8. Give o(-7).
9
Let q(t) = -t + 12. Let i(h) = -h**2 + 7*h - 10. Let s be i(5). Determine q(s).
12
Let h = 14 - 10. Let s(j) = 0 - j**2 + h*j - 4 + 1. Let a be 2/(-6) - 26/(-6). Calculate s(a).
-3
Suppose 3*d + 4*v + 4 = 0, -d + 0*d - 5 = 5*v. Let t = 4 - 3. Let r(q) = -4*q + 4 - t + 5*q. What is r(d)?
3
Let o(j) = j**3 + 5*j**2 + 7*j + 6. Let u = -8 - -10. Suppose 5 + 3 = -u*y. Determine o(y).
-6
Let s = -137 - -135. Let z(h) = h**3 - h**2 - 2*h - 1. Determine z(s).
-9
Let g(q) = 0*q - q + 4*q - 1 - q**2 - 8*q. Suppose 2 - 11 = -y. Suppose 4*j + 31 = 2*c + c, j - c = -y. Determine g(j).
3
Let p(u) = -u - 1. Let h(q) = q. Let w(c) = h(c) - p(c). Determine w(3).
7
Let n(a) be the second derivative of a**5/20 - 2*a**4/3 + 7*a**3/6 - a**2 - 29*a. Calculate n(7).
-2
Suppose -3*m = -50 - 46. Suppose -6*u - m = -10*u. Let s(b) = b - 8. What is s(u)?
0
Let g(b) = 2 - 8 + 4 - b. Determine g(-2).
0
Suppose -q + 2 = -3. Let h(p) be the first derivative of -p**2/2 + 7*p + 2. Calculate h(q).
2
Let j(s) = 0*s**2 - 61 - 5*s + s**2 + 57. Give j(5).
-4
Let o(t) be the third derivative of -t**5/20 - t**3/6 + 4*t**2. Let f = -5 - -6. What is o(f)?
-4
Let s(z) = z**2 + 4*z - 4. Suppose 3*v - 23 - 4 = 0. Let o = 5 - v. Calculate s(o).
-4
Let l(p) = p - 1. Let b(c) = c - 11. Let a(f) = -b(f) + 6*l(f). Let y = 1 + 8. Let x(n) = -n - 1. Let u(s) = y*x(s) + 2*a(s). Determine u(-3).
-2
Let x(t) = t + 6*t**2 - 4*t**2 - 3*t**2 + 2. Calculate x(-2).
-4
Let k(z) = z**2 + 2*z + 1. Let s(r) = -r**2 + r + 4. Let x be s(3). Give k(x).
1
Let k(g) = 2*g - 3. Let a(t) = -t - 2. Let f be a(0). Let h be f/4 + 63/18. What is k(h)?
3
Let h(t) = -t - 8. Let s(r) = r + 6. Let i(n) = -5*h(n) - 4*s(n). Give i(0).
16
Let y(d) be the first derivative of -d**7/840 + d**6/90 - d**5/30 + d**4/24 + 10*d**3/3 + 2. Let z(r) be the third derivative of y(r). Give z(3).
-2
Suppose -2*n + 24 = -5*t, -t + 4*n = t + 16. Let r(p) = -p - 5. Give r(t).
-1
Let x(n) = 32 - 29 + n**3 + n + 4*n**2 + 3*n. What is x(-3)?
0
Let l(c) = c**3 + 7*c**2 + 7*c + 3. Suppose -4*h - 23 - 1 = 2*w, h = -3. Calculate l(w).
-3
Let k(t) be the first derivative of -10*t**2 - 20*t + 2. Let j(z) = -13*z - 13. Let l(f) = 8*j(f) - 5*k(f). Determine l(-3).
8
Let t(m) = 7*m. Let p = -2 - -7. Let x = -8 + 9. Suppose -p*y = -x + 6. Give t(y).
-7
Suppose -o + 44 = -7*c + 2*c, o - 17 = 2*c. Let j(b) = -b - 3. What is j(c)?
6
Suppose 2*p = -4*g + 8, 4*g - 4*p = 2*g + 14. Let s(l) = 2*l + 3. Give s(g).
9
Let w(f) = 3*f - 6. Let x(k) = k**3 + 5*k**2 - 17*k - 17. Let n be x(-7). What is w(n)?
6
Let y(c) = 2*c + 7. Let k be y(-5). Let v(n) be the first derivative of -3*n**2/2 - 4*n - 38. Give v(k).
5
Let q(r) be the first derivative of -r**2 - 4*r - 4. Let z(w) = -w - 1. Let n(g) = q(g) - 3*z(g). Determine n(0).
-1
Let m(z) be the first derivative of z**2/2 - 3*z + 8. Let t be m(3). Let h(r) = -r**2 - 3*r - 3*r - r**3 - 4 + 5*r. Determine h(t).
-4
Let k(z) = z**3 - 8*z**2 + 5*z + 10. Suppose -7*d = -d - 42. Give k(d).
-4
Let n(t) = 7*t**3 - 2*t**2 + 2*t - 1. Let p(a) = -a**3 - 4*a**2 - a - 3. Let o(i) = 3*i + 5. Let l be o(-3). Let c be p(l). What is n(c)?
6
Let h(n) = -n**2 - 3*n + 1. Let x = 46 + -28. Let f = -29 + x. Let p = 7 + f. Calculate h(p).
-3
Let v(t) be the second derivative of -t**7/840 - t**6/120 + t**5/40 - t**4/6 + t**3/6 - 3*t. Let p(s) be the second derivative of v(s). What is p(-4)?
0
Let j(u) be the second derivative of -1/8*u**4 - 3*u - u**2 + 1/120*u**6 - 1/15*u**5 + 0 - 5/6*u**3. Let i(k) be the first derivative of j(k). Give i(5).
5
Let d be 6 + 2*4/(-8). Let a(p) = -p**2 + 7*p - 4. Give a(d).
6
Let b(u) be the first derivative of -3*u**2/2 + 7*u - 1. Determine b(6).
-11
Suppose 2*z + 15 = 5*z. Suppose -7 = -3*k + z. Let l be 3/(-4) - 1/k. Let t(c) = 6*c - 1. What is t(l)?
-7
Suppose 0 = 3*g - 2*r - 24, 2*g - 8 - 8 = r. Let d = 3 - g. Let h(y) be the second derivative of y**5/20 + y**4/2 + 5*y**3/6 + 3*y**2 + y. Calculate h(d).
6
Let v(b) be the first derivative of -8*b**3/3 + b**2/2 - b - 8. Determine v(1).
-8
Let h(y) = -4*y + 2*y - 4*y + 4*y - y**2. What is h(2)?
-8
Let p(d) = -7 + d - 3*d + 4 + 2. Calculate p(1).
-3
Let m(i) = -i**3 - i**2. Suppose -12 - 16 = 4*k. Let j(s) = s**3 + 8*s**2 + 5*s - 2. Let l be j(k). Let b be ((-8)/l)/((-4)/6). What is m(b)?
-2
Let v(w) = -5*w + 9. Let m(x) = 2*x - 3. Let q(h) = 8*m(h) + 3*v(h). Determine q(7).
10
Suppose 7*f + 2*f = 0. Let l(x) be the second derivative of x**5/20 + 3*x**2 + x. What is l(f)?
6
Let g(j) = -j + 1. Let c be g(0). Let z = c - 1. Suppose 3 + z = d. Let o(w) = w. Determine o(d).
3
Let y(x) = x + 3. Let m(j) = -7*j + 1. Let b be m(-1). Suppose -4*n + 0*n = b. What is y(n)?
1
Let w(p) be the third derivative of p**6/120 - p**5/10 + 5*p**4/24 + 5*p**3/6 + 28*p**2 + 1. What is w(5)?
5
Let x = -3 + 3. Suppose -4*s - 24 = 2*m, x = m + 5*s + 16 + 5. Let t(o) = 2*o**2 + 31 - 6*o - 3*o**2 - 40 - o. Determine t(m).
-3
Let j(s) = -s**3 + 5*s**2 - s + 5. Let f be j(5). Let r(p) = -p + 6 + p + p. Determine r(f).
6
Suppose -10*l + 3*l - 21 = 0. Let f(n) = 4 + 0*n + 2*n - n. Determine f(l).
1
Let x(s) = -s**3 + 6*s**2 + 4*s - 5. Let a = 71 + -65. Calculate x(a).
19
Let b(c) = -2*c - 11. Let g(y) = -y - 5. Suppose -6*a + 18 = -4*a. Let r(f) = a*g(f) - 4*b(f). Calculate r(4).
-5
Let d(n) = 3*n**3 - n. Suppose 7 = y + 2, 0 = 5*p - 2*y. Let f(c) = -c**3 + 4 - 8*c - 4 + 8 + 8*c**p. Let s be f(7). Calculate d(s).
2
Let p(r) be the second derivative of 0 + 0*r**3 + 1/2*r**2 + 5*r + 5/6*r**4. Calculate p(1).
11
Let o(t) = 4*t**3 + 32*t**2 - 26*t - 45. Let z(d) = -3*d**3 - 21*d**2 + 17*d + 30. Let h(v) = -5*o(v) - 7*z(v). Determine h(12).
3
Let h(j) = j**3 + 6*j**2 + j + 2. Let v be 6/((0 + -1)*1). What is h(v)?
-4
Let s(b) = 5*b**2 - 28*b - 7*b**3 + 15*b + 17*b + 8*b**3 - 3. Calculate s(-4).
-3
Let w(k) be the second derivative of -11*k**5/20 - k**4/12 + 8*k. Determine w(-1).
10
Suppose -5*t + 0*b = b - 9, -2*b = 5*t - 13. Suppose 11 + t = 3*l. Suppose 0 = a - 1 + l. Let o(m) = -4*m - 4. Give o(a).
8
Let y(u) be the third derivative of u**4/24 - 5*u**3/3 + 11*u**2. Calculate y(5).
-5
Let s(a) be the first derivative of -a**4/4 - a**3/3 + a**2 - a - 2. Calculate s(-2).
-1
Let m(o) = o**3 - 6*o**2 + 5*o + 2. Let z = 1 + 3. Calculate m(z).
-10
Let q be (36/(-10))/((-4)/10). Let z be 2/(-9) - 25/q. Let t be z*1/(3/(-5)). Let g(a) = -a - 1. Calculate g(t).
-6
Suppose -t = 3*t - 8. Suppose -2*o + 8 = 2*i, 14 - 6 = -3*o + t*i. Suppose o = f + f - 4. Let n(d) = -2*d**3 + 2*d**2 - d. What is n(f)?
-10
Let w(a) = 5*a**3. Let t be w(-1). Let b(f) be the first derivative of f**4/4 + 2*f**3 + 5*f**2/2 + 7*f - 23. Give b(t).
7
Suppose -3*i + 60 = 2*i. Let u(v) = -1 + 2*v**2